he tens digit of w?
3
Let q(v) = -v**2 + 12*v + 7. Let c be q(7). What is the units digit of (56/6)/(4/c)?
8
Suppose -5*a - 14946 = -w, -4*w + 2299*a - 2297*a + 59910 = 0. What is the thousands digit of w?
4
Suppose -5*o = 3*g - 2*o - 7047, -g + 2349 = 5*o. Suppose -g - 1317 = -6*d. What is the tens digit of d?
1
Let n(o) = 3 - 5*o + 6 - 6*o + 13. Let l be n(-8). Suppose 0 = -108*y + l*y - 312. What is the units digit of y?
6
Let q(b) = b**3 - 4*b**2 - 6*b - 2. Let s be q(5). Let l(d) = -2*d**3 - 7*d**2 + 4*d + 13. Let f be l(s). Suppose -239 = -7*w + f. What is the units digit of w?
1
Let v(y) = -3*y**3 - 22*y**2 - 15*y + 16. Suppose 0 = 2*w + u + 17, -10*w + 9*w - 4*u = 19. What is the tens digit of v(w)?
7
Let s = -6 - -18. Suppose 0 = 6*f - s. Suppose -4*v + 202 = 2*u, f*u - 101 = 2*v + 131. What is the tens digit of u?
1
Let h = -258 - -261. Suppose 4*l - 135 = 2*l - 3*i, h*l + 4*i - 200 = 0. What is the units digit of l?
0
What is the units digit of ((-2254)/115)/(-2 + -2 + 2952/740)?
3
Let l(i) = 4*i**2 - 2*i + 1. Let y be l(1). Let m(p) = -p**3 + 4*p**2 + 16*p - 52. Let f be m(4). Suppose -7*k + f = -y*k. What is the units digit of k?
3
Suppose -3*o + 187493 = -2*h, -h = 28*o - 61*o + 2062339. What is the units digit of o?
5
Let j = 460 + 5530. What is the hundreds digit of j?
9
Suppose 4*z + 45574 = -131*b + 132*b, 2*z - 227892 = -5*b. What is the hundreds digit of b?
5
Suppose -m + 26 = -3*i, -2*i + 3*i = -5. Suppose -2*g + 29*r - 30*r = -337, 0 = -g - r + 167. Suppose -g = -m*j + j. What is the tens digit of j?
1
Let b(n) = -21*n + 3786. What is the thousands digit of b(-49)?
4
Suppose 3*b + a - 24065 = 0, 122*b + 4*a + 16062 = 124*b. What is the units digit of b?
3
Suppose -5 = -2*t - b, 20 = 2*t - t - 3*b. Suppose 15*f - 18*f = -t*v + 61, -2*v + 2*f = -22. Let u = 144 + v. What is the tens digit of u?
5
Suppose -4*b = -3*x + 13, 0 = -7*b + 8*b + 1. What is the units digit of (-80)/((-138)/34 + 4) - x?
7
Let r(t) = 275*t - 1166 + 591 + 537. What is the tens digit of r(3)?
8
Let i be 2 + (-2192)/4 + 3. Suppose -404*w + 2430 = -413*w. What is the units digit of 2/(i/w - 0 - 2)?
0
Let g(h) = -169*h**3 + 4*h**2 - 3*h - 34. What is the units digit of g(-3)?
4
Let v(r) = r**3 - 3*r**2 - r - 2. Let u be v(3). Let a(w) = 11*w**2 + 14*w + 13. What is the units digit of a(u)?
8
Suppose s - 4350 = -n, s = -25 + 24. What is the units digit of n?
1
Let q(c) = 85*c - 281. What is the hundreds digit of q(12)?
7
Suppose -5*w + 5*t = -23050, 4*t = -4 + 12. What is the tens digit of w?
1
Let m be 2/3 - 246528/(-216). Suppose -1141*y + m*y = 650. What is the tens digit of y?
5
Let l = 1708 + -920. What is the units digit of l?
8
Suppose -12*n + 21*n - 11*n = -22624. What is the thousands digit of n?
1
What is the thousands digit of 17774200/(-28960)*((-88)/(-6))/((-2)/6)?
7
Suppose -14*y + 10 = -12*y, 5*m - y = -5. Suppose 284 = -7*r + 8*r + 4*u, -2*r - 4*u + 568 = m. What is the tens digit of r?
8
Suppose -5*b + q + 345 = -2*q, b = 5*q + 91. Let y = -81 - -268. Let a = b + y. What is the units digit of a?
3
Let a(v) = 27891*v**2 - 16*v + 17. What is the tens digit of a(1)?
9
Let f(h) = 47*h**2 - 7*h + 5. What is the ten thousands digit of f(-26)?
3
Suppose 175*q - 53196 = 163*q. What is the thousands digit of q?
4
Let z be (2*-1)/((-23)/161). Suppose 4*u + 5*n - 736 = 0, -943 = -5*u + 3*n + z. What is the tens digit of u?
8
Let a(k) = k**2 - 8*k + 10. Let d be a(6). Let j = d - -10. Let x(h) = h**3 - 5*h**2 - 8*h - 3. What is the tens digit of x(j)?
2
Let x be (-6)/(-1) + -2 + -10. Let c be (x/(-9))/((-4)/114). Let y = 7 - c. What is the tens digit of y?
2
Let g be (-48)/(-27) - 2/(-9). Let q be (15/(-9))/(g/(-6)). Suppose -2*c - 5*v + 97 = 0, -q*v + 1 = -4*v. What is the units digit of c?
6
Let f(l) = 3*l**2 - 107*l - 48. Let v be f(36). Let x(u) be the second derivative of -u**3/6 - 7*u**2/2 - u. What is the units digit of x(v)?
5
Let b = -94 + 130. Suppose 0 = -12*c + 15*c - b. Suppose c*u = 11*u + 107. What is the tens digit of u?
0
Suppose 0 = f + 3, -3*y - f = f - 630. Suppose -214*o + y*o + 1682 = 0. What is the tens digit of o?
4
Suppose -2*h - 12 = -42. What is the units digit of 115/(-25)*h*-23?
7
Suppose 7*b - 4*b - 12 = 0. Suppose 0 = 3*a + k - 317, 411 = b*a - k - 0*k. What is the units digit of 10/4*a/10?
6
What is the hundreds digit of (-406596)/(-36) - 10/(-6)?
2
Suppose 0 = -2*l + 21 - 17. Suppose 2*z + 859 = 4*v + z, 0 = l*v + 5*z - 435. What is the hundreds digit of v?
2
Let k be (248/24 + -11)*(-164 + -1). Suppose k*w - 470 = 100*w. What is the tens digit of w?
4
Let f = 8 - 13. Let r = -156 - -188. Let u = f + r. What is the units digit of u?
7
Suppose -576 + 534 = -3*x. Suppose 0*y = x*y - 6888. What is the tens digit of y?
9
Suppose -5*x = 2*y - 350, 9*y - 5*x - 805 = 4*y. Let a = y + -62. What is the units digit of a?
3
Let w(d) = d**3 + 4*d**2 + 16. Let y be w(-4). Suppose -y*c + 3735 + 6185 = 0. What is the units digit of c?
0
Suppose -117*a - 23639 = -122*a - y, 4*a - 18928 = 2*y. What is the tens digit of a?
2
Let i(z) = 3*z**2 + 72*z - 1140. What is the thousands digit of i(77)?
2
Let n = 2652 - 1713. Let i = n - 400. What is the units digit of i?
9
Suppose 0 = 8*s - 4*s - 5*o - 78507, -s + 3*o + 19639 = 0. What is the hundreds digit of s?
6
Suppose 0 = -r + 2*p + 9274, 5*r = 3*r - 5*p + 18530. What is the thousands digit of r?
9
Suppose 1 = -2*x - 7. What is the tens digit of (13/x)/((-19)/608)?
0
Suppose -6*h - 2154 = -684. What is the hundreds digit of -3 - (-4 - -2) - h?
2
What is the thousands digit of (3/(-9))/((-17)/1612059)?
1
Let s(y) be the first derivative of y**4/4 - 14*y**3/3 - 23*y**2/2 - 15*y + 17. Let w(h) = -h**2 + 11*h - 14. Let t be w(6). What is the tens digit of s(t)?
2
Suppose -2211 = 13*s + 688. Let w = -139 - s. What is the tens digit of w?
8
Suppose 0 = -2*m + 2*u + 16, 10*m - 8*m + 4*u + 8 = 0. What is the units digit of (52/(-8))/(m/(-144))?
4
Let m(k) = 24*k**2 - 40*k + 391. What is the tens digit of m(8)?
0
Suppose 4*d + 4*s = -1 + 17, -d - 3*s = -6. Let c be (-4042)/(-43) + d/((-6)/8). Let p = c - 62. What is the tens digit of p?
2
Let y(a) = a**3 + 7*a**2 - 9*a + 7. Let p = 92 + -54. Suppose -5*f - p = 2. What is the units digit of y(f)?
5
Suppose 32*f = 445 - 125. Suppose -5*q + 2*s + 3923 = 1242, f = 5*s. What is the units digit of q?
7
Suppose 30*c + 0*c = 10*c + 591920. What is the hundreds digit of c?
5
Suppose 4*f - 36 = 10*f. Let u(i) = i**3 + 5*i**2 - 8*i - 7. Let j be u(f). Let p(m) = 2*m**2 + m - 10. What is the tens digit of p(j)?
4
Suppose -3*u = -2*t - 167791, 2*u - 3*t - 111890 = 2*t. What is the hundreds digit of u?
9
What is the hundreds digit of (6/(-8))/((-18)/401976*9)?
8
Let n = -4361 - -6134. Suppose 5*a - n = -h - 118, 4*a + 4*h - 1324 = 0. What is the units digit of a?
1
Let i(m) = -4149*m**3 - 14*m**2 - 16*m + 17. What is the ten thousands digit of i(-2)?
3
Suppose -43*a + 1158730 = -72386 - 129877. What is the tens digit of a?
5
Let j be 4 + -1 + (-9)/(-3) + 0. Suppose -j = 2*f - 4*f. Suppose -10 = -4*h - 2*z, -6 = -4*h - f*z + 7. What is the units digit of h?
1
Suppose 3*t - 20 = -4*m, 8 = -5*m + 33. Suppose 6*f - 4*f - 756 = t. What is the tens digit of f?
7
Suppose -65*w - w + 3622268 = -14*w. What is the tens digit of w?
5
Suppose 4*a = 5*r + 9 + 36, 4*a = 3*r + 35. Suppose 2*s - 550 = -j, -a*j + 2*s + 736 = -2050. What is the tens digit of j?
5
Let j be 4 + (-27)/(-3) + -11. Suppose 3*q = -2*n + q + 2440, 2460 = j*n - 2*q. What is the tens digit of n?
2
Suppose 3*q = 6 - 12. Let r = 12 - q. Suppose -t - 3120 = -r*t. What is the hundreds digit of t?
2
What is the tens digit of 2426/(75/(-650)*(-20)/15)?
6
Let d(j) = 111*j + 5. Let h be d(25). Suppose -7*b + 4*r = -3*b - h, 5*r + 2085 = 3*b. What is the tens digit of b?
9
Suppose -3*k - 2*n = 16, 2*k - n = -2*k - 25. What is the tens digit of k + 58 - 8 - 4?
4
Suppose -3*u - 88709 = -2*v, 5*v + u + 8722 = 230503. What is the thousands digit of v?
4
Let x = -349 - -343. What is the tens digit of (8/(-16))/(x/888)?
7
Let y = -90 + 93. Suppose 3*j = -2*x + 170, -2*j + j + 262 = y*x. What is the tens digit of x?
8
Let d be (10/75*9)/(4/(-10)). Let p be (-26)/(-5) - (d + (-80)/(-25)). Suppose -p*k = 5*u - 445, -2